actors of k.
2
Let z(g) = -19*g**2 - 21*g + 21. Let y(d) = -9*d**2 - 10*d + 10. Let r(t) = 7*y(t) - 3*z(t). Let b be r(5). What are the prime factors of b/(-14) + 6/21?
13
Suppose -5*b + 17 + 5 = -i, 4*b = -4*i + 32. Suppose 2*f = f + b. Suppose 31 = f*a - 19. What are the prime factors of a?
2, 5
Let z be 24 + (-1)/1 - 2. Suppose 29 = 5*p - z. What are the prime factors of p?
2, 5
Suppose -3*l + 21 = 3*m, 26 = 2*l - 2*m + 7*m. Suppose -5*n = k - 95, l*n - 5*k + 4 = 33. What are the prime factors of n?
2, 3
Suppose 94*n - 292 = 92*n. What are the prime factors of n?
2, 73
Let s = -125 + 421. What are the prime factors of s?
2, 37
Suppose 3*m - 1 = -z - 5, -m + 2 = z. Let j = z - 3. Suppose -5*i + j*i + 42 = -c, c = -i + 18. What are the prime factors of i?
3, 5
Let p(m) = -13*m**3 - m**2 + m - 1. Let u be p(1). Let s(y) = -y**3 + 17*y**2 - 2*y + 22. Let j be s(17). List the prime factors of (j/7)/(2/u).
2, 3
Let m(b) = -b**2 + 2*b - 1. Let g be 15/12 + (-1)/4. Let k be m(g). Let j(z) = -z**2 + 12. List the prime factors of j(k).
2, 3
Suppose 774 = -7*y + 3105. List the prime factors of y.
3, 37
Let h(r) = -r**3 + r**2 + 8*r + 14. What are the prime factors of h(-5)?
2, 31
Suppose 55 = 3*j + j - 3*l, -4*j + 56 = -4*l. What are the prime factors of (j - -2)*1 + 3?
2, 3
Let k(n) = -n - 1. Let l(f) = 3*f - 4. Suppose -r + 4 = -3*r. Let d(u) = r*k(u) - l(u). What are the prime factors of d(-5)?
11
Let h(t) = 2*t + 5. Let n be h(-5). Let m = 11 + n. List the prime factors of m.
2, 3
Let k(b) = 2*b**3 + 3*b**2 - 5*b - 3. What are the prime factors of k(3)?
3, 7
Suppose 0 = 5*t - 648 + 33. List the prime factors of t.
3, 41
Suppose -691 = -3*g + 2*i, 3*i = 5*g - 655 - 497. What are the prime factors of g?
3, 7, 11
Suppose 1 = 2*r - 3. Suppose -2*j = 5*g + 12, g - 4 = -r*j - 0*g. List the prime factors of j.
2
Let y(d) be the third derivative of d**5/30 + d**4/6 + d**2. List the prime factors of y(-4).
2
Let r(w) = w**3 + 5*w**2 + w + 1. Let g be -1 + 2 + -1 + 2. Suppose -4 = g*x - x. List the prime factors of r(x).
13
Let u be (3 - 2) + 1 + 2. Suppose l = 20 - 0. Suppose 4 = u*k - l. What are the prime factors of k?
2, 3
Let s be (-7)/(-6) - 2/12. Let t be (s/(-4) + 1)*28. Let a = t - 12. List the prime factors of a.
3
Let y = 5 + 0. Suppose y*i - 4*i - f - 36 = 0, -2*i = -4*f - 66. List the prime factors of i.
3, 13
Let s(b) = 1. Let y(h) = h + 12. Let t(r) = -4*s(r) + y(r). Let w be t(-8). Let v = 6 + w. What are the prime factors of v?
2, 3
Let z(r) = -8*r - 1. Let v be z(-1). Let q(s) = s**2 + 6*s + 4. Let n(t) = -3*t**2 - 11*t - 8. Let a(y) = 2*n(y) + 5*q(y). What are the prime factors of a(v)?
11
Let w = -11 + 14. Let c(t) be the second derivative of -t**4/12 + 2*t**3/3 + t**2 + t. List the prime factors of c(w).
5
Suppose 4*k - k = 42. Let y = k + -5. List the prime factors of y.
3
Let s(c) = 2*c - 3. Let n be s(3). Suppose -h + 22 = n*r, 2*h = 3*r - 4*r + 69. Suppose -4*m + h + 7 = 0. List the prime factors of m.
11
Let q be 8/6 - 2/6. Suppose -9 + q = -v. Suppose 3*w + v = 3*f - 19, -5*f = -w - 41. What are the prime factors of f?
2
Suppose 83 - 32 = k. Suppose 3*d - 6*d + k = 0. What are the prime factors of d?
17
Let z = 7 + -7. Suppose 4*r + 0 = a - 6, z = 2*r. Suppose 4*g - 42 = a. What are the prime factors of g?
2, 3
Let m(o) = 62*o + 2. Let q be m(-1). List the prime factors of (6/5)/((-4)/q).
2, 3
Let l = -5 - -8. Let t be (l + 17)*(-1 + 2). Suppose -5*q + d = -t, 5*d - 50 = -q - 4*q. List the prime factors of q.
5
Suppose -3*a = 2*k - 511, 0 = 6*a - 2*a + 5*k - 672. List the prime factors of a.
173
Suppose 5*i + 5*r - 200 = 0, -r - 4*r + 128 = 3*i. List the prime factors of i.
2, 3
Let z = 4 + 4. List the prime factors of z.
2
Suppose 4*f + 75 = f. Let x = f + 52. List the prime factors of x.
3
Let s = 84 + -49. Let c = s + -23. List the prime factors of c.
2, 3
Let f = 19 - 4. What are the prime factors of ((-54)/f)/((-3)/15)?
2, 3
Suppose -6*d + 4*d - 4*o + 96 = 0, 2*d - 2*o = 84. Suppose h = -2*h - 2*l + d, -4*h + 4*l + 92 = 0. List the prime factors of h.
2, 3
Suppose -2*d + 4*y = 10, 3*d + 4*y - 34 = 1. Suppose 5*s = d*c + 40, 5*s + 3*c = -c + 31. List the prime factors of s.
7
Let b = -33 - -101. List the prime factors of b.
2, 17
Suppose 0*x + 7*x - 469 = 0. What are the prime factors of x?
67
Suppose 4*l - 11 = 1. Suppose 2*m + 5 = -4*u + 19, 6 = m + l*u. What are the prime factors of m?
3
Suppose 6 = 2*f, -2*m = -4*f - f + 11. Suppose -2*k = -2 - m. List the prime factors of k.
2
Suppose -13 = -4*l - 1. Let w(a) = 3*a**2 + 5 - 2*a**2 - 5*a**2 + l*a**2 + 7*a. What are the prime factors of w(7)?
5
Suppose -n = 3*n - 8. Suppose -4*k + 4 = -n*k. Suppose -2*h = -d - 27, k*h - 7 + 5 = -4*d. What are the prime factors of h?
11
Suppose 3*p + 0*p - 39 = 0. Suppose p - 2 = w + 3*c, 3*c + 1 = 5*w. List the prime factors of w.
2
Suppose 0 = z - 6*z + 25. Suppose 0 = 2*w - 6*w. Suppose 0*y + 24 = 2*y + z*f, -5*f = w. List the prime factors of y.
2, 3
Suppose -9 = -3*l + 18. List the prime factors of l/15 + 117/5.
2, 3
What are the prime factors of 2 - 0 - (-120 - -12)?
2, 5, 11
Let y = -50 + 120. List the prime factors of y.
2, 5, 7
Suppose 2*u + 1 + 3 = 0, 2*m - u = 42. What are the prime factors of m?
2, 5
Let o be (-3)/(-2)*(0 + -2). Let w = 7 - o. What are the prime factors of w?
2, 5
Suppose -2*o = -4*y + 6, 0 = -5*y - o + 3*o + 9. Suppose -y*d = 0, 2*d = a + a - 14. What are the prime factors of a?
7
Suppose 4*i - 3*i = 0. Suppose i = 5*n - 9 - 21. What are the prime factors of n?
2, 3
Let z = -33 + 161. List the prime factors of z.
2
Suppose -2*j - 18 = -5*u, 0*u + 4*j = u. Suppose 3*k - 8*k + 95 = -4*i, 2*i + 76 = u*k. What are the prime factors of k?
19
Let s = -16 + 33. What are the prime factors of s?
17
Let x(z) = -z - 2. Let h be x(-2). Suppose b - 2*b + 10 = h. List the prime factors of b.
2, 5
Let t(g) be the third derivative of -5*g**4/12 + g**3/6 - 2*g**2. What are the prime factors of t(-1)?
11
Let x be 1*(-3 + 2 - 5). Let u(o) = 3 + 10*o + 1 - 5*o - 6*o. What are the prime factors of u(x)?
2, 5
Let p = 8 + -11. Suppose 4 = 2*c - 6*c. Let k = c - p. What are the prime factors of k?
2
Let u = 3 + -4. Let c = -1 + u. What are the prime factors of (1*c - -13) + -2?
3
Let y be 5 + (4 + -9 - -4). Suppose -238 = n - 6*n - 4*h, 4*h + 212 = y*n. What are the prime factors of n?
2, 5
Let p(j) = -j**3 - j**2 + j + 1. Let o(b) = b**3 + b - 4. Let l(t) = -o(t) - 2*p(t). Let n(s) = s**2 - s + 2. Let k be n(0). List the prime factors of l(k).
2, 3
Let i = 19 - -21. What are the prime factors of i?
2, 5
Let c = 11 - 8. Let w = -10 + 39. Suppose v + 7 = -c*m - 4, 5*m = v - w. List the prime factors of v.
2
Let w(n) = -n - 3. Let s be w(0). Let p(q) = q**2 - 3*q + 7. Let c(y) = y**2 - 2*y + 6. Let h(b) = 5*c(b) - 4*p(b). What are the prime factors of h(s)?
5
Suppose 0*l = l - 10. Let x = l - 4. List the prime factors of x*(1/1)/2.
3
Suppose -4*d + 5*u - 13 = 0, 2*d + 8 = -2*d + 4*u. Suppose f = -f. Suppose 4*q + 3*i + 2*i + 3 = f, d*i + 15 = 2*q. List the prime factors of q.
3
Suppose -131 = -2*w + 5. List the prime factors of w.
2, 17
Suppose -x - 3*a + 2*a + 8 = 0, -5*x + 24 = a. Let w(o) = 8*o + 3. Let m be w(x). Suppose -k - i = -3*k + 15, -m = -3*k - i. List the prime factors of k.
2, 5
Suppose 2*b - 6 = 24. Suppose -4*k + 1 = -b. List the prime factors of k.
2
Let m be (2 - 0) + -3 + 1. Suppose -2*r - 4 = m, 3*p - 10 - 4 = 4*r. Suppose 4*a + 2*h = 48, -p*a + 7*a = -5*h + 60. List the prime factors of a.
2, 3
List the prime factors of (5 - 4)*(-1 - -4).
3
Suppose -2*q = -7*q - 35. Let h = q + 19. List the prime factors of h.
2, 3
Suppose y = -2*y + 381. Let w = y - 66. What are the prime factors of w?
61
Let i(k) = -k**3 + 3*k**2 - 2*k + 3. Let j be i(2). Suppose 0 = -j*m + 2 + 4. List the prime factors of (-168)/(-27) - m/9.
2, 3
Let r be (4/(-4))/(-2)*10. Let p = r - -30. List the prime factors of p.
5, 7
Let p(n) = 4*n**2 - 10*n - 31. List the prime factors of p(10).
269
Let z(n) = n**2 + n - 1. Let l be z(6). Suppose 33 = -5*k - 77. Let i = l + k. What are the prime factors of i?
19
Let c = 1 + -5. Let s = c + 16. What are the prime factors of s?
2, 3
Let y = -10 + 4. Let k be 1/(-3) - (-2)/6. List the prime factors of y/(